Let h = 2 - -5. Let w = h - 5. Suppose 0 = -w*b + d + 134, -d = 2*d - 12. Is b a prime number?
False
Suppose 6*y - 4*g = 3*y + 22, 3*y - 21 = 3*g. Let s(x) = -x**2 + 6*x + 5. Let v be s(y). Suppose -v*p + 8*p = 99. Is p prime?
False
Suppose 0*p - 5*p + 1310 = 0. Suppose p = 2*a + 72. Is a composite?
True
Let d(v) = -58*v + 21. Is d(-4) a prime number?
False
Suppose 0 = -0*y - 3*y + 24. Let x be 22/(-6) + y/12. Is -18*x/(-2 + 8) prime?
False
Let m be (-3 - (1 + 0)) + -2. Let x be (3/2)/((-1)/m). Suppose 5*w + g = 96, -4*w + 3*g - x = -82. Is w a prime number?
True
Suppose 3*l - 22 = 5*z, -2*z - 3*z - 2 = 2*l. Suppose 1 = -l*g + 237. Is g a prime number?
True
Suppose 0 = -3*n + 4*n - 15. Let z be -2*(2 + -3)/1. Is ((-2)/2 + z)*n prime?
False
Let x(p) be the third derivative of 11*p**4/24 - 13*p**3/6 + 6*p**2. Is x(10) composite?
False
Suppose -4*y = c + 12, 7*c + 18 = 3*c - y. Is ((-354)/(-9))/(c/(-6)) a composite number?
False
Let h(n) = -6*n**3 - 9*n**2 + 3*n - 1. Let g(t) = 5*t**3 + 8*t**2 - 3*t + 2. Let l(c) = -5*g(c) - 4*h(c). Let q = 10 + -15. Is l(q) a prime number?
False
Suppose 25*r - 10*r = 49425. Is r composite?
True
Suppose -5*p = -3*b + 31 - 2, b - 23 = 5*p. Suppose 2*w = -n + 26 + 41, b*w = -4*n + 263. Is n a composite number?
True
Suppose 4*v - 7 = 1. Suppose 2*l - 5*h - 203 = 0, 2*l + 0*h - 191 = h. Is l/v + 2 + 0 a composite number?
True
Let w be (0 - 1 - -3) + 3. Suppose -4*z - 4*l + 12 = -w*l, 3*z - 9 = 3*l. Suppose -18 + 64 = c - 3*t, -z*t = -3. Is c a composite number?
True
Is (-4 + 0)*23/(-4) prime?
True
Let f(y) = -y**3 + 6*y**2 - 4*y + 5. Let b be f(5). Is (-2526)/(-22) + b/55 a composite number?
True
Suppose 19 = 2*a + 3*f, 0 = a + 2*a + 3*f - 24. Suppose 0 = 5*y + 5*w - 40, 2 + 34 = a*y + 4*w. Suppose x - 75 = -y*x. Is x a composite number?
True
Suppose -3*p = 4*x - 728, 3*x = -x - 5*p + 736. Is x a composite number?
False
Let f be (-1 - 0)/(10/(-20)). Let r(x) = 151*x + 3. Is r(f) a prime number?
False
Suppose -4*l + 245 = 5*j, -2*l - 4*j = -0*l - 130. Is l prime?
False
Suppose -4*a + 20 = 0, -5*s + 3*a = 7*a. Let g = s + 7. Suppose -4*u + 7 = -g*u. Is u prime?
True
Let y(o) = 6*o - 2. Let p(j) = 11*j - 4. Let h(w) = 4*p(w) - 7*y(w). Let l be h(2). Is (2 + -1)*(35 + l) prime?
True
Suppose 5*r - 50 = 2470. Suppose j - 5*j = g - r, -g - 4 = 0. Is j composite?
False
Suppose -305 = -0*b - b. Is b a composite number?
True
Is (-1 - 1)*268/(-8) a prime number?
True
Let l be -2 + 2 - 0 - -4. Let o(p) = 3*p**3 + 15*p**2 + 9*p + 6. Let d(v) = -v**3 - 7*v**2 - 4*v - 3. Let n(k) = 9*d(k) + 4*o(k). Is n(l) a prime number?
False
Let g = -44 - -44. Suppose 248 = 2*x + 90. Let u = g + x. Is u prime?
True
Let t be 4 + 1 + 1 + -1. Suppose 0 = 4*p - 191 - t. Is p a prime number?
False
Let b(h) = -2*h**3 - 4*h**2 + 8*h + 9. Is b(-7) prime?
True
Is (92/(-12))/((-2)/30) a composite number?
True
Suppose -5*o + 3408 = -1357. Is o a composite number?
False
Suppose 204 = -l + 3*l. Suppose -5*j + y + 0*y + 329 = 0, 5*j = -2*y + 317. Let k = l - j. Is k a prime number?
True
Let t(f) = f**3 + f**2 - f + 2. Let a be t(-2). Suppose -1 = 2*d - 9. Suppose -j = d*c + 14, 2*j = -2*c - 4 - a. Is j composite?
False
Suppose 3172 = 2*m + m - q, -3 = 3*q. Is m prime?
False
Suppose -1 = -b + 2*c - 0, 5*c + 7 = b. Let p be ((-58)/b)/((-12)/(-18)). Suppose 0 = -i + 6 + p. Is i prime?
False
Let h(t) = t**3 + 8*t**2 - 3*t - 5. Is h(-8) composite?
False
Let u = 3 - 1. Suppose -32 = 4*o + 2*d, u*d + 44 = -4*o + 3*d. Is (-226)/o - 4/(-10) a prime number?
True
Let v(c) = 2*c**3 - 35*c**2 + 22*c - 2. Is v(19) a composite number?
False
Let k = 13 - 9. Suppose -k*a + 35 = -25. Is a a prime number?
False
Let g = -10 - -7. Let y(x) = -2*x**3 - 4*x**2 + 2*x + 3. Is y(g) composite?
True
Let n(f) be the second derivative of 5*f**4/6 - 2*f**3/3 - 7*f**2/2 - 7*f. Is n(5) a composite number?
False
Let a = 7 - 10. Let c be (-7)/a + (-1)/3. Suppose 2 - 6 = -2*k, -98 = -c*o + 4*k. Is o a composite number?
False
Let g(k) = k**3 + 4*k**2 - 15*k - 4. Is g(5) a prime number?
False
Suppose 7*r = -0*r + 3437. Is r prime?
True
Suppose 3*d = 2*t - 4, -2*d - 2*t = -3*d - 4. Suppose -2*c + 173 - 7 = d. Is c a composite number?
False
Suppose -2*w = 2*f + 19 + 21, w = 4*f - 45. Let z = w + 188. Is z a composite number?
False
Suppose -5*q + 3 = -4*q. Let s(n) = q + 10*n + 0 - 6*n + 5*n**2. Is s(-4) a composite number?
False
Is ((-898)/5)/((-40)/(-25) - 2) a composite number?
False
Is 13/(-65) - 34152/(-10) a prime number?
False
Let w(h) = 7*h**2 + 12*h + 1. Is w(-8) prime?
True
Let b be (-82341)/35 - 4/10. Is 6/15 - b/5 a composite number?
True
Is 127/2*(-2 - -4) composite?
False
Let b be -578*(-1)/2 - 1. Suppose -5*a + 499 = 3*s, -2*s - b = -5*a + 2*a. Suppose -y = -a + 1. Is y a prime number?
True
Let q(o) = 16*o - 1. Let p be q(4). Suppose 3*s = 1179 - 297. Suppose -3*f - f - p = -t, -5*t - f = -s. Is t prime?
True
Let j(u) = 36*u**2 + 2*u - 1. Let y(w) be the first derivative of -2*w**3/3 + 2*w**2 - 3*w + 1. Let v be y(2). Is j(v) a prime number?
True
Let c(s) = -4*s**3 - 3*s**2 - 3*s. Let g be c(-2). Suppose 0 = -3*u + 2*u + 23. Let d = g + u. Is d a composite number?
True
Suppose 3*w - 12 = 81. Is w a composite number?
False
Suppose 0 = -7*f + f - 246. Let l = -407 - -237. Let w = f - l. Is w prime?
False
Let b = -229 - -430. Suppose -10*f + b = -7*f. Is f a prime number?
True
Let u(t) = 0*t**3 - 8*t**2 - 9*t + 2 - t**3 - 12. Let b be u(-7). Suppose -n + 96 = 5*z, 0*n + 5*n + 71 = b*z. Is z a prime number?
True
Is 3862/4 - (-3)/2 a prime number?
True
Suppose 3 + 2 = -r. Let j(c) = -1 - c**2 + 2*c**2 - c + 3*c + c. Is j(r) a prime number?
False
Let z(a) = -2*a**2 - 128. Let w(l) = l**2 + 64. Let j(r) = -7*w(r) - 3*z(r). Let x be j(0). Let b = x + 191. Is b a prime number?
True
Let u be 2/4 - 777/(-6). Suppose 3*d - u = -2*d. Is d composite?
True
Let i = 3 - 1. Suppose i*k + 2 = 6. Suppose -31 = -k*t + 35. Is t composite?
True
Let r(k) = -k**3 - 5*k**2 - 3*k - 4. Let p be r(-6). Let f = p - 17. Is f prime?
False
Let k(p) = 7*p + 14. Let f(a) = 15*a + 28. Let m(v) = -6*f(v) + 13*k(v). Let c be m(-9). Suppose -d - 220 = -c*d. Is d composite?
True
Suppose -5*v + 33 = -42. Is v prime?
False
Suppose -2*q = -4*a + 1 - 3, q = -5*a + 15. Suppose -a*r = 2*j - 220, -7*r + 5*j = -2*r - 560. Is r prime?
False
Let k(n) = -2 + 2*n**2 + 12*n**2 + 3*n - 4*n**2. Let c be 4/(-10) + 26/(-10). Is k(c) composite?
False
Is ((-10)/(-8))/(6308/3152 + -2) composite?
True
Let y(j) = 15*j**2 + j - 17. Is y(6) prime?
False
Suppose 0 = 2*z - 6*z + 20. Suppose 0 = -z*d - 0 + 10. Suppose -d*l + 80 = 5*b, b + 9 = 5*l - 2. Is b a composite number?
True
Suppose 0 = -6*c + 3*c + 606. Suppose -c + 55 = -3*x. Is x a composite number?
True
Suppose 9 = 2*l - 1. Is 20/(-6)*(-8 + l) a composite number?
True
Let y(m) = 19*m**2 + 2*m - 2. Is y(1) a prime number?
True
Suppose 3*b + 5 = 5*p - 12, 5*p + 2*b - 22 = 0. Suppose 0 = -q - p*q + 245. Is q a composite number?
True
Is 3/(-2)*(-356)/6 prime?
True
Let t be 5*(0/3 + -2). Let g = t + 7. Let a(i) = -i**3 - 3*i**2 - 4*i - 1. Is a(g) a prime number?
True
Is -3*(-1 + -162) + -4 a prime number?
False
Suppose -5*t + 4*v + 92 = 0, -2*v = -0*v - 4. Let c be (t/(-6))/(2/(-3)). Suppose 80 = c*d - 15. Is d prime?
True
Suppose -5*k + 15 = 3*u, 4*u + 3*k - 9 - 11 = 0. Let a(q) = q**2 - 7*q - 7. Let m be a(-6). Suppose -3*r + m = u*h, 0 = 5*h - 2*r - 74 + 13. Is h composite?
False
Is ((-172)/6)/((-9)/27) prime?
False
Let c be (2/4)/(4/(-40)). Let r be (-2)/(-6) + c/(-3). Is (2 + -1)*(9 - r) a composite number?
False
Let b(x) = -x**2 - 5*x. Let w be b(-3). Let o(u) = u**3 - 2*u**2 - 2*u + 1. Is o(w) a prime number?
False
Suppose -2*d + 799 + 783 = 0. Is d a prime number?
False
Let m(n) = 198*n + 25. Is m(19) composite?
True
Suppose -53 = -3*k + p, 5*k = -2*p - 38 + 108. Suppose o = -4*z - k, -12 = 2*o - z - z. Is (o - 3/(-3))*-13 prime?
False
Let u = 2 + 25. Suppose -2*z + u = -v, -z = -4*v - 50 + 19. Is z prime?
True
Let w(c) = c**2 + 3*c - 2. Let f(r) = r**2 + 4*r - 3. Let b be f(-4). Let x be w(b). Is (x/(-4))/((-3)/(-204)) a prime number?
False
Let q(o) = 19*o**2 - 5*o - 9. Is q(7) a prime number?
True
Is (1535/10*-1)/((-2)/4) a composite number?
False
Suppose -j = -3*j + 4. Suppose -5